{"id":2909,"date":"2025-09-26T05:52:49","date_gmt":"2025-09-26T05:52:49","guid":{"rendered":"https:\/\/www.yilmazakrilik.com\/?post_type=product&#038;p=2909"},"modified":"2025-10-18T13:18:18","modified_gmt":"2025-10-18T13:18:18","slug":"ozel-tasarin-aydinlatma-mekan-uygulama","status":"publish","type":"product","link":"https:\/\/www.yilmazakrilik.com\/index.php\/urun\/ozel-tasarin-aydinlatma-mekan-uygulama\/","title":{"rendered":"Akrilik \u00d6zel Tasar\u0131m Ayd\u0131nlatma Mekan Uygulamalar\u0131"},"content":{"rendered":"\t\t<div data-elementor-type=\"product\" data-elementor-id=\"3238\" class=\"elementor elementor-3238 product\" data-elementor-post-type=\"elementor_library\">\n\t\t\t<div class=\"elementor-element elementor-element-3f93e10b e-flex e-con-boxed kitify-col-width-auto-no ignore-docs-style-no kitify-disable-relative-no e-root-container elementor-top-section e-con e-parent\" data-id=\"3f93e10b\" data-element_type=\"container\" data-e-type=\"container\">\n\t\t\t\t\t<div class=\"e-con-inner\">\n\t\t<div class=\"elementor-element elementor-element-25084c8c e-con-full e-flex kitify-col-width-auto-no ignore-docs-style-no kitify-disable-relative-no e-con e-child\" data-id=\"25084c8c\" data-element_type=\"container\" data-e-type=\"container\">\n\t\t\t\t<div class=\"elementor-element elementor-element-7b71d34a elementor-widget elementor-widget-heading\" data-id=\"7b71d34a\" data-element_type=\"widget\" data-e-type=\"widget\" data-widget_type=\"heading.default\">\n\t\t\t\t\t<h2 class=\"elementor-heading-title elementor-size-default\">Proje Bazl\u0131 \u00d6zel Tasar\u0131m Yakla\u015f\u0131m\u0131<\/h2>\t\t\t\t<\/div>\n\t\t\t\t<div class=\"elementor-element elementor-element-6fbea8ac elementor-widget elementor-widget-text-editor\" data-id=\"6fbea8ac\" data-element_type=\"widget\" data-e-type=\"widget\" data-widget_type=\"text-editor.default\">\n\t\t\t\t\t\t\t\t\t<p data-start=\"906\" data-end=\"1266\">YILMAZ AKR\u0130L\u0130K, standart \u00fcretim kal\u0131plar\u0131n\u0131n \u00f6tesine ge\u00e7erek tamamen <strong data-start=\"975\" data-end=\"1009\">mek\u00e2na \u00f6zel akrilik tasar\u0131mlar<\/strong> geli\u015ftirir.<br data-start=\"1021\" data-end=\"1024\" \/>Her proje; \u00f6l\u00e7\u00fc, kullan\u0131m amac\u0131, \u0131\u015f\u0131k etkisi ve estetik beklenti a\u00e7\u0131s\u0131ndan ayr\u0131 bir tasar\u0131m s\u00fcreciyle ele al\u0131n\u0131r.<br data-start=\"1137\" data-end=\"1140\" \/>Bu yakla\u015f\u0131m sayesinde, hem mimari b\u00fct\u00fcnl\u00fc\u011f\u00fc koruyan hem de kullan\u0131m konforunu art\u0131ran <strong data-start=\"1226\" data-end=\"1250\">ki\u015fiye \u00f6zel \u00e7\u00f6z\u00fcmler<\/strong> ortaya \u00e7\u0131kar.<\/p><p data-start=\"1268\" data-end=\"1541\">Proje a\u015famas\u0131nda, m\u00fc\u015fterilere <strong data-start=\"1298\" data-end=\"1316\">mock-up \u00fcretim<\/strong>, <strong data-start=\"1318\" data-end=\"1334\">3D modelleme<\/strong>, <strong data-start=\"1336\" data-end=\"1354\">g\u00f6rselle\u015ftirme<\/strong> ve <strong data-start=\"1358\" data-end=\"1376\">numune deste\u011fi<\/strong> sunularak, uygulama \u00f6ncesi nihai g\u00f6r\u00fcn\u00fcm test edilir.<br data-start=\"1430\" data-end=\"1433\" \/>YILMAZ AKR\u0130L\u0130K ekibi, her tasar\u0131m\u0131 m\u00fchendislik, estetik ve malzeme bilgisini harmanlayarak hayata ge\u00e7irir.<\/p>\t\t\t\t\t\t\t\t<\/div>\n\t\t\t\t<div class=\"elementor-element elementor-element-5fb830e5 elementor-widget elementor-widget-heading\" data-id=\"5fb830e5\" data-element_type=\"widget\" data-e-type=\"widget\" data-widget_type=\"heading.default\">\n\t\t\t\t\t<h2 class=\"elementor-heading-title elementor-size-default\">Avantajlar\u0131:<\/h2>\t\t\t\t<\/div>\n\t\t\t\t<div class=\"elementor-element elementor-element-5c5fa52f elementor-widget elementor-widget-text-editor\" data-id=\"5c5fa52f\" data-element_type=\"widget\" data-e-type=\"widget\" data-widget_type=\"text-editor.default\">\n\t\t\t\t\t\t\t\t\t<ul><li data-start=\"1562\" data-end=\"1611\"><p data-start=\"1564\" data-end=\"1611\">Proje \u00f6zelinde \u00f6l\u00e7\u00fcye ve konsepte g\u00f6re \u00fcretim<\/p><\/li><li data-start=\"1612\" data-end=\"1667\"><p data-start=\"1614\" data-end=\"1667\">CNC ve lazer kesim teknolojisiyle y\u00fcksek hassasiyet<\/p><\/li><li data-start=\"1668\" data-end=\"1704\"><p data-start=\"1670\" data-end=\"1704\">G\u00f6rsel sunum ve prototip deste\u011fi<\/p><\/li><li data-start=\"1705\" data-end=\"1744\"><p data-start=\"1707\" data-end=\"1744\">Estetik + teknik performans dengesi<\/p><\/li><li data-start=\"1745\" data-end=\"1777\"><p data-start=\"1747\" data-end=\"1777\">K\u0131sa \u00fcretim ve montaj s\u00fcreci<\/p><\/li><\/ul>\t\t\t\t\t\t\t\t<\/div>\n\t\t\t\t<div class=\"elementor-element elementor-element-456106e6 elementor-widget elementor-widget-heading\" data-id=\"456106e6\" data-element_type=\"widget\" data-e-type=\"widget\" data-widget_type=\"heading.default\">\n\t\t\t\t\t<h2 class=\"elementor-heading-title elementor-size-default\">El Yap\u0131m\u0131 \u00c7\u00f6z\u00fcmler<\/h2>\t\t\t\t<\/div>\n\t\t\t\t<div class=\"elementor-element elementor-element-68a70526 elementor-widget elementor-widget-text-editor\" data-id=\"68a70526\" data-element_type=\"widget\" data-e-type=\"widget\" data-widget_type=\"text-editor.default\">\n\t\t\t\t\t\t\t\t\t<p data-start=\"3667\" data-end=\"3960\">YILMAZ AKR\u0130L\u0130K, end\u00fcstriyel \u00fcretimin yan\u0131 s\u0131ra <strong data-start=\"3714\" data-end=\"3771\">el i\u015f\u00e7ili\u011fiyle haz\u0131rlanan s\u0131n\u0131rl\u0131 say\u0131da \u00f6zel \u00fcr\u00fcnler<\/strong> de \u00fcretir.<br data-start=\"3782\" data-end=\"3785\" \/>Sanat ve tasar\u0131m disiplinlerini birle\u015ftiren bu \u00fcr\u00fcnler; <strong data-start=\"3841\" data-end=\"3929\">\u00f6zel \u00f6d\u00fcl tasar\u0131mlar\u0131, logolu plaketler, vitrin objeleri ve dekoratif sanat eserleri<\/strong> gibi \u00f6zg\u00fcn projeleri kapsar.<\/p><p data-start=\"3962\" data-end=\"4194\">Bu butik \u00fcretimler, genellikle <strong data-start=\"3993\" data-end=\"4075\">marka tan\u0131t\u0131mlar\u0131, fuar standlar\u0131, \u00f6d\u00fcl t\u00f6renleri veya i\u00e7 mek\u00e2n dekorasyonlar\u0131<\/strong> i\u00e7in tercih edilir.<br data-start=\"4095\" data-end=\"4098\" \/>Her par\u00e7a, malzeme ve form a\u00e7\u0131s\u0131ndan benzersizdir; hem estetik hem de koleksiyon de\u011feri ta\u015f\u0131r.<\/p>\t\t\t\t\t\t\t\t<\/div>\n\t\t\t\t<div class=\"elementor-element elementor-element-62301d8 elementor-widget elementor-widget-heading\" data-id=\"62301d8\" data-element_type=\"widget\" data-e-type=\"widget\" data-widget_type=\"heading.default\">\n\t\t\t\t\t<p class=\"elementor-heading-title elementor-size-default\">El Yap\u0131m\u0131 \u00c7\u00f6z\u00fcmlerle \u00dcretilen \u00d6rnekler:<\/p>\t\t\t\t<\/div>\n\t\t\t\t<div class=\"elementor-element elementor-element-9dfa4c4 elementor-widget elementor-widget-heading\" data-id=\"9dfa4c4\" data-element_type=\"widget\" data-e-type=\"widget\" data-widget_type=\"heading.default\">\n\t\t\t\t\t<p class=\"elementor-heading-title elementor-size-default\">Akrilik logolu \u00f6d\u00fcller ve plaketler\n\n\u015eeffaf vitrin \u00fcr\u00fcnleri ve dekoratif objeler\n\nSanat-tasar\u0131m i\u015fbirli\u011fi ile geli\u015ftirilen limitli seriler\n\nKurumsal markalar i\u00e7in \u00f6zel hediyelik \u00fcr\u00fcnler<\/p>\t\t\t\t<\/div>\n\t\t\t\t<\/div>\n\t\t<div class=\"elementor-element elementor-element-5f09e0b0 e-con-full e-flex kitify-col-width-auto-no ignore-docs-style-no kitify-disable-relative-no e-con e-child\" data-id=\"5f09e0b0\" data-element_type=\"container\" data-e-type=\"container\">\n\t\t\t\t<div class=\"elementor-element elementor-element-7e2765d2 elementor-widget elementor-widget-heading\" data-id=\"7e2765d2\" data-element_type=\"widget\" data-e-type=\"widget\" data-widget_type=\"heading.default\">\n\t\t\t\t\t<h2 class=\"elementor-heading-title elementor-size-default\">Ayd\u0131nlatma Tasar\u0131mlar\u0131<\/h2>\t\t\t\t<\/div>\n\t\t\t\t<div class=\"elementor-element elementor-element-7642817d elementor-widget elementor-widget-heading\" data-id=\"7642817d\" data-element_type=\"widget\" data-e-type=\"widget\" data-widget_type=\"heading.default\">\n\t\t\t\t\t<p class=\"elementor-heading-title elementor-size-default\">I\u015f\u0131k ge\u00e7irgen akrilik y\u00fczeyler, ayd\u0131nlatma tasar\u0131mlar\u0131nda s\u0131n\u0131rs\u0131z form esnekli\u011fi sa\u011flar.\nYILMAZ AKR\u0130L\u0130K, lineer, halka veya organik formlarda LED ayd\u0131nlatmal\u0131 tasar\u0131mlar geli\u015ftirerek mimari alanlara karakter kazand\u0131r\u0131r.\nKullan\u0131lan akrilik malzemeler, \u0131\u015f\u0131\u011f\u0131n homojen da\u011f\u0131lmas\u0131n\u0131 sa\u011flayan \u00f6zel opakla\u015ft\u0131rma ve da\u011f\u0131t\u0131c\u0131 levhalarla optimize edilir.\n\nAkrilik ayd\u0131nlatma sistemleri; ofis, otel, ma\u011faza, fuar stand\u0131 ve konut projelerinde estetik ve i\u015flevi ayn\u0131 anda sunar.\nRenk s\u0131cakl\u0131\u011f\u0131, \u0131\u015f\u0131k y\u00f6n\u00fc, \u0131s\u0131 da\u011f\u0131l\u0131m\u0131 ve g\u00f6lgelendirme dengesi, proje m\u00fchendisleri taraf\u0131ndan kontrol edilir.<\/p>\t\t\t\t<\/div>\n\t\t\t\t<div class=\"elementor-element elementor-element-75c3c489 elementor-widget elementor-widget-heading\" data-id=\"75c3c489\" data-element_type=\"widget\" data-e-type=\"widget\" data-widget_type=\"heading.default\">\n\t\t\t\t\t<h2 class=\"elementor-heading-title elementor-size-default\">Kullan\u0131m Alanlar\u0131:<\/h2>\t\t\t\t<\/div>\n\t\t\t\t<div class=\"elementor-element elementor-element-341a148d elementor-widget elementor-widget-text-editor\" data-id=\"341a148d\" data-element_type=\"widget\" data-e-type=\"widget\" data-widget_type=\"text-editor.default\">\n\t\t\t\t\t\t\t\t\t<ul><li data-start=\"2672\" data-end=\"2703\"><p data-start=\"2674\" data-end=\"2703\">Lineer tavan ayd\u0131nlatmalar\u0131<\/p><\/li><li data-start=\"2704\" data-end=\"2741\"><p data-start=\"2706\" data-end=\"2741\">Duvar i\u00e7i \u0131\u015f\u0131kl\u0131 ni\u015f uygulamalar\u0131<\/p><\/li><li data-start=\"2742\" data-end=\"2791\"><p data-start=\"2744\" data-end=\"2791\">Otel, kafe ve ma\u011faza dekoratif \u0131\u015f\u0131k panelleri<\/p><\/li><li data-start=\"2792\" data-end=\"2834\"><p data-start=\"2794\" data-end=\"2834\">Kurumsal logo ve tabela ayd\u0131nlatmalar\u0131<\/p><\/li><\/ul>\t\t\t\t\t\t\t\t<\/div>\n\t\t<div class=\"elementor-element elementor-element-3ec94048 e-grid e-con-full kitify-col-width-auto-no ignore-docs-style-no kitify-disable-relative-no e-con e-child\" data-id=\"3ec94048\" data-element_type=\"container\" data-e-type=\"container\">\n\t\t\t\t<div class=\"elementor-element elementor-element-5be4b029 elementor-widget elementor-widget-image\" data-id=\"5be4b029\" data-element_type=\"widget\" data-e-type=\"widget\" data-widget_type=\"image.default\">\n\t\t\t\t\t\t\t\t\t\t\t\t\t\t\t<img fetchpriority=\"high\" decoding=\"async\" width=\"1000\" height=\"1000\" src=\"https:\/\/www.yilmazakrilik.com\/wp-content\/uploads\/2025\/09\/05_Akrilik_ozel_ugulama_aydinlatma_18102025_1529.jpg\" class=\"attachment-full size-full wp-image-3243\" alt=\"\" srcset=\"https:\/\/www.yilmazakrilik.com\/wp-content\/uploads\/2025\/09\/05_Akrilik_ozel_ugulama_aydinlatma_18102025_1529.jpg 1000w, https:\/\/www.yilmazakrilik.com\/wp-content\/uploads\/2025\/09\/05_Akrilik_ozel_ugulama_aydinlatma_18102025_1529-300x300.jpg 300w, https:\/\/www.yilmazakrilik.com\/wp-content\/uploads\/2025\/09\/05_Akrilik_ozel_ugulama_aydinlatma_18102025_1529-150x150.jpg 150w, https:\/\/www.yilmazakrilik.com\/wp-content\/uploads\/2025\/09\/05_Akrilik_ozel_ugulama_aydinlatma_18102025_1529-768x768.jpg 768w, https:\/\/www.yilmazakrilik.com\/wp-content\/uploads\/2025\/09\/05_Akrilik_ozel_ugulama_aydinlatma_18102025_1529-250x250.jpg 250w, https:\/\/www.yilmazakrilik.com\/wp-content\/uploads\/2025\/09\/05_Akrilik_ozel_ugulama_aydinlatma_18102025_1529-50x50.jpg 50w, https:\/\/www.yilmazakrilik.com\/wp-content\/uploads\/2025\/09\/05_Akrilik_ozel_ugulama_aydinlatma_18102025_1529-100x100.jpg 100w\" sizes=\"(max-width: 1000px) 100vw, 1000px\" \/>\t\t\t\t\t\t\t\t\t\t\t\t\t\t\t<\/div>\n\t\t\t\t<div class=\"elementor-element elementor-element-601d8444 elementor-widget elementor-widget-image\" data-id=\"601d8444\" data-element_type=\"widget\" data-e-type=\"widget\" data-widget_type=\"image.default\">\n\t\t\t\t\t\t\t\t\t\t\t\t\t\t\t<img decoding=\"async\" width=\"1000\" height=\"1000\" src=\"https:\/\/www.yilmazakrilik.com\/wp-content\/uploads\/2025\/09\/05_Akrilik_ozel_ugulama_aydinlatma_18102025_1528.jpg\" class=\"attachment-full size-full wp-image-3242\" alt=\"\" srcset=\"https:\/\/www.yilmazakrilik.com\/wp-content\/uploads\/2025\/09\/05_Akrilik_ozel_ugulama_aydinlatma_18102025_1528.jpg 1000w, https:\/\/www.yilmazakrilik.com\/wp-content\/uploads\/2025\/09\/05_Akrilik_ozel_ugulama_aydinlatma_18102025_1528-300x300.jpg 300w, https:\/\/www.yilmazakrilik.com\/wp-content\/uploads\/2025\/09\/05_Akrilik_ozel_ugulama_aydinlatma_18102025_1528-150x150.jpg 150w, https:\/\/www.yilmazakrilik.com\/wp-content\/uploads\/2025\/09\/05_Akrilik_ozel_ugulama_aydinlatma_18102025_1528-768x768.jpg 768w, https:\/\/www.yilmazakrilik.com\/wp-content\/uploads\/2025\/09\/05_Akrilik_ozel_ugulama_aydinlatma_18102025_1528-250x250.jpg 250w, https:\/\/www.yilmazakrilik.com\/wp-content\/uploads\/2025\/09\/05_Akrilik_ozel_ugulama_aydinlatma_18102025_1528-50x50.jpg 50w, https:\/\/www.yilmazakrilik.com\/wp-content\/uploads\/2025\/09\/05_Akrilik_ozel_ugulama_aydinlatma_18102025_1528-100x100.jpg 100w\" sizes=\"(max-width: 1000px) 100vw, 1000px\" \/>\t\t\t\t\t\t\t\t\t\t\t\t\t\t\t<\/div>\n\t\t\t\t<\/div>\n\t\t\t\t<div class=\"elementor-element elementor-element-74c08f6a elementor-widget elementor-widget-heading\" data-id=\"74c08f6a\" data-element_type=\"widget\" data-e-type=\"widget\" data-widget_type=\"heading.default\">\n\t\t\t\t\t<p class=\"elementor-heading-title elementor-size-default\">Mek\u00e2n Uygulamalar\u0131<\/p>\t\t\t\t<\/div>\n\t\t\t\t<div class=\"elementor-element elementor-element-146ed601 elementor-widget elementor-widget-text-editor\" data-id=\"146ed601\" data-element_type=\"widget\" data-e-type=\"widget\" data-widget_type=\"text-editor.default\">\n\t\t\t\t\t\t\t\t\t<p data-start=\"2871\" data-end=\"3176\">YILMAZ AKR\u0130L\u0130K, akrilik malzemenin esnekli\u011fini kullanarak farkl\u0131 mekan tiplerinde <strong data-start=\"2953\" data-end=\"2981\">b\u00fct\u00fcnc\u00fcl y\u00fczey \u00e7\u00f6z\u00fcmleri<\/strong> \u00fcretir.<br data-start=\"2989\" data-end=\"2992\" \/>Kar\u015f\u0131lama adalar\u0131, kiosklar, ni\u015f alanlar\u0131, banyo ve mutfak tezgahlar\u0131, AVM i\u00e7 mek\u00e2n uygulamalar\u0131 gibi projelerde <strong data-start=\"3105\" data-end=\"3127\">derzsiz d\u00f6n\u00fc\u015flerle<\/strong> hem estetik hem hijyenik y\u00fczeyler olu\u015fturulur.<\/p><p data-start=\"3178\" data-end=\"3414\">Bu sistemlerde akrilik, hem duvar hem de tezgah kaplama y\u00fczeyi olarak kullan\u0131l\u0131r; bu da mek\u00e2n i\u00e7inde <strong data-start=\"3279\" data-end=\"3298\">g\u00f6rsel b\u00fct\u00fcnl\u00fck<\/strong> sa\u011flar.<br data-start=\"3306\" data-end=\"3309\" \/>Islak hacimlerde k\u00fcf ve leke tutmaz yap\u0131s\u0131, hastane ve otel projelerinde y\u00fcksek hijyen standard\u0131 sunar.<\/p>\t\t\t\t\t\t\t\t<\/div>\n\t\t\t\t<div class=\"elementor-element elementor-element-50fa4092 elementor-widget elementor-widget-heading\" data-id=\"50fa4092\" data-element_type=\"widget\" data-e-type=\"widget\" data-widget_type=\"heading.default\">\n\t\t\t\t\t<p class=\"elementor-heading-title elementor-size-default\">Avantajlar\u0131:<\/p>\t\t\t\t<\/div>\n\t\t\t\t<div class=\"elementor-element elementor-element-3655f308 elementor-widget elementor-widget-text-editor\" data-id=\"3655f308\" data-element_type=\"widget\" data-e-type=\"widget\" data-widget_type=\"text-editor.default\">\n\t\t\t\t\t\t\t\t\t<ul><li data-start=\"3435\" data-end=\"3471\"><p data-start=\"3437\" data-end=\"3471\">Derzsiz birle\u015fim, p\u00fcr\u00fczs\u00fcz y\u00fczey<\/p><\/li><li data-start=\"3472\" data-end=\"3503\"><p data-start=\"3474\" data-end=\"3503\">Nem ve \u0131s\u0131ya dayan\u0131kl\u0131 yap\u0131<\/p><\/li><li data-start=\"3504\" data-end=\"3535\"><p data-start=\"3506\" data-end=\"3535\">Kolay temizlik ve uzun \u00f6m\u00fcr<\/p><\/li><li data-start=\"3536\" data-end=\"3584\"><p data-start=\"3538\" data-end=\"3584\">Kiosk, ni\u015f ve ada \u00e7\u00f6z\u00fcmlerinde \u00f6zg\u00fcn tasar\u0131m<\/p><\/li><li data-start=\"3585\" data-end=\"3630\"><p data-start=\"3587\" data-end=\"3630\">CNC destekli, mimariyle tam uyumlu \u00fcretim<\/p><\/li><\/ul>\t\t\t\t\t\t\t\t<\/div>\n\t\t\t\t<\/div>\n\t\t\t\t\t<\/div>\n\t\t\t\t<\/div>\n\t\t\t\t<\/div>\n\t\t\n","protected":false},"excerpt":{"rendered":"<p>YILMAZ AKR\u0130L\u0130K, her projeye \u00f6zel \u00f6l\u00e7\u00fc, mek\u00e2n ve kullan\u0131m senaryosuna g\u00f6re \u00f6zg\u00fcn \u00e7\u00f6z\u00fcmler geli\u015ftirir.<br \/>\nMock-up \u00fcretim, 3D g\u00f6rselle\u015ftirme ve numune hizmetleriyle karar s\u00fcre\u00e7lerini h\u0131zland\u0131rarak, tasar\u0131m\u0131 \u00fcretime kusursuz \u015fekilde aktar\u0131r.<br \/>\nAyd\u0131nlatmadan ni\u015f alanlara, kiosklardan butik objelere kadar t\u00fcm \u00f6zel tasar\u0131mlar; estetik, i\u015flev ve m\u00fchendislik dengesini m\u00fckemmel bi\u00e7imde ta\u015f\u0131r.<\/p>\n","protected":false},"featured_media":3241,"comment_status":"open","ping_status":"closed","template":"","meta":[],"product_brand":[],"product_cat":[81],"product_tag":[160,144,145,146,155,149,151,150,158,159,148,157,143,147,153,156,152,154],"class_list":{"0":"post-2909","1":"product","2":"type-product","3":"status-publish","4":"has-post-thumbnail","6":"product_cat-ozel-tasarimlar","7":"product_tag-akrilik-3d-gorsellestirme","8":"product_tag-akrilik-aydinlatma","9":"product_tag-akrilik-dekoratif-urunler","10":"product_tag-akrilik-el-yapimi-objeler","11":"product_tag-akrilik-isikli-tasarim","12":"product_tag-akrilik-kiosk","13":"product_tag-akrilik-logo-plaket","14":"product_tag-akrilik-mekan-uygulamalari","15":"product_tag-akrilik-mimari-uygulamalar","16":"product_tag-akrilik-mock-up-uretimi","17":"product_tag-akrilik-nis-uygulamalari","18":"product_tag-akrilik-odul-ve-vitrin-objesi","19":"product_tag-akrilik-ozel-tasarim","20":"product_tag-akrilik-sanat-tasarimlari","21":"product_tag-ankara-akrilik-tasarim","22":"product_tag-butik-akrilik-urun","23":"product_tag-ozel-uretim-akrilik-urunler","24":"product_tag-solid-surface-ozel-uretim","26":"first","27":"instock","28":"shipping-taxable","29":"product-type-simple"},"_links":{"self":[{"href":"https:\/\/www.yilmazakrilik.com\/index.php\/wp-json\/wp\/v2\/product\/2909","targetHints":{"allow":["GET"]}}],"collection":[{"href":"https:\/\/www.yilmazakrilik.com\/index.php\/wp-json\/wp\/v2\/product"}],"about":[{"href":"https:\/\/www.yilmazakrilik.com\/index.php\/wp-json\/wp\/v2\/types\/product"}],"replies":[{"embeddable":true,"href":"https:\/\/www.yilmazakrilik.com\/index.php\/wp-json\/wp\/v2\/comments?post=2909"}],"wp:featuredmedia":[{"embeddable":true,"href":"https:\/\/www.yilmazakrilik.com\/index.php\/wp-json\/wp\/v2\/media\/3241"}],"wp:attachment":[{"href":"https:\/\/www.yilmazakrilik.com\/index.php\/wp-json\/wp\/v2\/media?parent=2909"}],"wp:term":[{"taxonomy":"product_brand","embeddable":true,"href":"https:\/\/www.yilmazakrilik.com\/index.php\/wp-json\/wp\/v2\/product_brand?post=2909"},{"taxonomy":"product_cat","embeddable":true,"href":"https:\/\/www.yilmazakrilik.com\/index.php\/wp-json\/wp\/v2\/product_cat?post=2909"},{"taxonomy":"product_tag","embeddable":true,"href":"https:\/\/www.yilmazakrilik.com\/index.php\/wp-json\/wp\/v2\/product_tag?post=2909"}],"curies":[{"name":"wp","href":"https:\/\/api.w.org\/{rel}","templated":true}]}}